Let w be (-528)/132*14/(-8). Suppose 2*i - 5*u - 318 = -63, -3*i = -3*u - 405. Calculate the greatest common factor of i and w.
7
Let q = -312 - -1122. Suppose 566*a + q = 568*a. Calculate the highest common factor of 90 and a.
45
Let q be -7*-186*10/60. Calculate the highest common factor of q and 56.
7
Let o = 5264 + -5261. What is the greatest common divisor of o and 11?
1
Let d = 21 - 9. Suppose -5*z - 238 = 2*f - 4*z, 0 = -5*f + 2*z - 595. Let j = -59 - f. Calculate the greatest common divisor of j and d.
12
Suppose 14*i - 78793 = i. Calculate the highest common factor of i and 209.
209
Suppose -5*x + 0*x = -c - 6, 4*x - 5*c + 12 = 0. Suppose 5*z + 49 = 4*q, -x*z - z = 4*q - 41. Let i = -212 + 300. What is the highest common factor of q and i?
11
Let u(f) = -4 - 1 + f + 4 - 2*f. Let j be u(-27). What is the greatest common divisor of 234 and j?
26
Let u(r) = 23*r - 98. Let s = 211 - 201. Let a be u(s). Calculate the greatest common factor of a and 12.
12
Suppose -5*h - 1105 = -8*h + l, h = 2*l + 370. What is the greatest common divisor of 1357 and h?
23
Suppose 5*s - 3*q - 4838 = -4*q, 4*q + 3880 = 4*s. Let i be ((-1)/(-4)*69)/(22/s). Calculate the highest common factor of i and 33.
33
Let g = -34 - -44. Suppose -g = -5*v - 15. Let i = 164 - v. Calculate the greatest common divisor of i and 15.
15
Let x(f) = -f**2 + 33*f - 35. Let p be x(20). Let b = p + -213. Calculate the greatest common divisor of 96 and b.
12
Let k = 257 - 247. Let x be ((-35)/k + 6)/(2/12). What is the greatest common factor of x and 5?
5
Let s be (32084/40 - (-5)/10) + (-8)/(-20). What is the highest common divisor of 2263 and s?
73
Let n = 53 - 46. Let w be (n + -1)/(2/(-2)). Let r = w + 30. What is the greatest common divisor of r and 16?
8
Suppose -5*k + t + 194 = 0, t = 19*k - 15*k - 154. Suppose r = -2*r + 48. What is the highest common factor of r and k?
8
Let u = -14901 + 17861. What is the highest common divisor of 120 and u?
40
Let w(q) = 7 - 26 + 12 + 10 + 105*q - 24*q**2. Let h be w(4). What is the greatest common factor of h and 182?
13
Suppose -182 = 2*x - 12*x + 608. What is the highest common divisor of x and 1343?
79
Let a be (-6 + 5)*-42 + 13 + -3. What is the greatest common divisor of 32 and a?
4
Let s = -18 + 25. Let l = -62 - -119. Let w = l - 8. Calculate the highest common divisor of w and s.
7
Let x be (-4 + 7 - 9) + 305. Let s = 23 + -10. What is the highest common divisor of s and x?
13
Let t be 0*2/4 + 56. Suppose 3*o - 40 = -k, 8 = 199*k - 198*k - 5*o. What is the highest common factor of k and t?
28
Let c = 10113 - 10090. Calculate the greatest common divisor of 21 and c.
1
Let f be (42/9)/(-7) - (4 - 410/30). What is the greatest common divisor of 2307 and f?
3
Suppose 6*y - 4*p + 892 = 10*y, 4*p = 12. What is the greatest common factor of 132 and y?
44
Let y = 22767 - 22146. Calculate the highest common factor of y and 126.
9
Let o be -23*(4/2)/(-2). Suppose 34*f - 54*f = -12680. Let c be f/4 + (-260)/(-104). Calculate the greatest common factor of c and o.
23
Let p(r) = r**3 - 20*r**2 + 2*r - 44. Let i = 63 - 43. Let h be p(i). Let m = h - -31. What is the greatest common divisor of m and 18?
9
Suppose 5*c = 4*d - 32 - 563, -719 = -5*d - 2*c. Suppose 2*w + 87 = 3*w. Calculate the highest common factor of w and d.
29
Let k be 1326/(-4)*-10*(-18)/(-270). Calculate the highest common factor of 2363 and k.
17
Let o be 7*(-5 - (201/(-21) - 1)). Let r be 52/6*((-6)/(-6) + 11). What is the greatest common factor of o and r?
13
Let x be 2/(-9) - 2/((-18)/29). Suppose x*f = -0*f - q + 146, 4*q = -4*f + 200. Let u be (f/40)/(2/25). Calculate the highest common factor of u and 5.
5
Suppose -5*a - 133 = -z, -66 = -z - 2*a + 74. Calculate the highest common divisor of 3036 and z.
138
Let j(u) = -56*u**2 - 805*u - 6. Let k be j(-8). What is the highest common divisor of k and 152?
38
Suppose 9*i + 7*i - 392 = 2*i. Calculate the highest common divisor of 256 and i.
4
Suppose 0 = -3*g + 9*g - 210. Suppose 5*h + 27 + 38 = 0. Let o = 1 - h. What is the greatest common factor of g and o?
7
Let v be (-1)/(-3) - 50/(-3). Let p(c) = -20*c + 84. Let b be p(-6). Let o be b/(-255) - (-939)/5. What is the greatest common factor of v and o?
17
Let s = -731 + 1029. Suppose 6634 = 16*x + s. Calculate the greatest common divisor of x and 11.
11
Suppose 9*j - 252 = -108. Let x = j - -2. Let v(k) = 3*k - 40. Let q be v(x). Calculate the greatest common factor of q and 154.
14
Let p(r) = -r**3 - 6*r**2 + 10*r + 66. Let j be p(-6). Let m = -34 - -68. Calculate the highest common factor of m and j.
2
Let t = 286 - 431. Let n = 20 + 183. Let c = t + n. What is the highest common factor of c and 145?
29
Let d = 4 + 114. Let r be (-293)/(-5) - (9 - 6)*6/(-45). What is the highest common divisor of d and r?
59
Let x be ((-23598)/532)/(18/(-105))*(0 - -8). Calculate the greatest common factor of 1610 and x.
230
Suppose 0 = 3*t - 16*t + 7670. Let b = t - 182. What is the highest common divisor of 51 and b?
51
Let l be (0 + 22)/(-9 + 4225/468). Let f be 2/(-33) - (-72912)/l. Suppose 0*g = g - 23. What is the highest common divisor of g and f?
23
Suppose 12 = 5*v - r - 23, -5*v + 25 = r. Suppose 30 - 222 = -v*g. Calculate the highest common factor of g and 608.
32
Let l(m) = -m**3 - 12*m**2 - 13*m - 21. Let r be l(-11). Let i be -27 + 152 - 5/r. Calculate the highest common divisor of i and 15.
15
Let a(m) be the third derivative of m**6/60 - m**5/60 - m**4/24 + 5*m**3/3 - m**2 - 38*m. Let c be a(7). What is the greatest common divisor of c and 20?
20
Suppose 2*s + s - 17 = c, -c = -5*s + 25. Suppose -3*p + 2*h - 4 = -4*p, s*p + 5*h = 13. Suppose -l = p*l - 36. What is the greatest common factor of 12 and l?
12
Let o be (0 - (-1 + -36)) + 0. Suppose d - 27 = o. Let r = -532900 + 532908. Calculate the greatest common divisor of d and r.
8
Let n(m) = 2*m**2 + m - 3. Let q(z) = -z**2 + 7*z - 7. Let w be q(5). Let d be n(w). Let t = -3290 - -3294. What is the highest common divisor of d and t?
2
Let a(r) = -64*r**2 - 196*r - 4. Let c be a(-3). What is the greatest common factor of c and 98?
2
Suppose -11*b + 8367 = 8301. Let t = -14 + 26. Calculate the highest common divisor of t and b.
6
Let y(f) = f**2 + 7*f + 5. Let s be y(-4). Let t = s + 73. Let v be ((-2)/2)/(-1 + 64/t). Calculate the greatest common divisor of 22 and v.
11
Let v = -1917 - -2582. What is the highest common divisor of v and 570?
95
Let v be (-118)/((-16)/8) + 6. What is the highest common divisor of 95 and v?
5
Let w be 1/(((-16)/132)/(4/(-3))). Calculate the highest common factor of 2816 and w.
11
Suppose -149220 = 16*i - 95*i + 168360. Calculate the greatest common factor of i and 6.
6
Let i be (-96112)/(-168)*7 - (-1)/(3/(-2)). What is the greatest common divisor of i and 264?
44
Suppose 1488 = 687*r - 683*r. Calculate the greatest common divisor of 217 and r.
31
Let a(i) = i**3 - 14*i**2 + 35*i - 18. Let n be a(11). Suppose 32 = n*j - 6*k + 2*k, 10 = 5*j + k. Calculate the highest common divisor of 12 and j.
3
Let z be ((-1364)/(-13 + 24))/(4/(-82)). What is the greatest common divisor of z and 62?
62
Suppose m + 42 - 4 = 0. Let k be (-18)/4 - (-19)/m. Let b be (-68 + 3)*3/k. Calculate the greatest common factor of b and 13.
13
Let v = -24746 + 24752. What is the greatest common divisor of v and 3582?
6
Let w(x) = -21*x + 53. Let k be w(1). What is the highest common divisor of 9224 and k?
8
Let a(t) = 6*t**2 + 11*t + 5. Let o be a(-4). Let h = 23 + o. Calculate the greatest common divisor of h and 40.
40
Let a(u) = -2*u**2 - 12*u + 18. Let j be a(-12). Let r = 135 + j. Let n = -7 - -10. What is the greatest common factor of n and r?
3
Let p = -355 + 364. Let d = 68 - 104. Let r be (d/10)/((-2)/15). What is the greatest common factor of r and p?
9
Let r(f) = -194*f - 58. Let b be r(-4). Let u = b - 473. Calculate the greatest common divisor of 35 and u.
35
Let r be -26 + (-1 + -2 + 3)/1. Let v = r - -40. Let k be 1/(-6)*-1 - (-2684)/24. What is the highest common divisor of v and k?
14
Let w(g) = g**3 + 7*g**2 + 11*g + 6. Let x be w(-3). Suppose 0 = -214*s + 213*s + 72. What is the greatest common divisor of s and x?
9
Suppose 736*b - 5*i - 25561 = 730*b, 4*i = 4*b - 17036. Calculate the highest comm